 is the remainder when g is divided by j?
7
Suppose 43*o + 5*o - 30012 = 20340. What is the remainder when o is divided by 1049?
0
Suppose -4*z + 51 = 71. Let r(k) = k**3 + 14*k**2 + 4*k - 22. What is the remainder when r(z) is divided by 47?
42
Let m = -15988 - -18215. Calculate the remainder when m is divided by 6.
1
Let d(u) = 17*u + 1664. What is the remainder when d(-44) is divided by 185?
176
Suppose 16*k - 14*k - 2*j = 182, -3*k - 4*j + 280 = 0. What is the remainder when 653 is divided by k?
9
Let b(g) = g**3 - 4*g**2 + 17*g - 68. Calculate the remainder when b(6) is divided by 87.
19
Let d(q) = q**2 - 7*q - 17. Let g be d(9). Calculate the remainder when -4 + 1 - (-33 - 0) is divided by 22 + -24 + 10/g.
6
Let p be (-7)/(-1) + (-8)/2. Let r be (-1 + -1 + p)/((-2)/722). Let z = 526 + r. Calculate the remainder when z is divided by 56.
53
Suppose -43*t - 178 = -694. Calculate the remainder when 81 is divided by t.
9
Suppose -9*l = -11*l - 10*l. Suppose 5*b - 232 + 77 = l. What is the remainder when 154 is divided by b?
30
Suppose -4*q - 1238 = -5*k, q + 9 = 12. Suppose -4*r + 16 = 0, -2*b - 3*r + k = -0*r. Calculate the remainder when b is divided by 15.
14
Let v(a) = -11*a**2 + 170*a - 11. What is the remainder when 264 is divided by v(15)?
8
Let t be 0 + (-9)/(-4) + (-3)/12. Suppose t*z - 14 = -5*z. Suppose 27 = 2*a - b, 5*b = -z*a - 7 + 64. Calculate the remainder when 61 is divided by a.
13
Suppose -271 = 93*m - 21*m - 3079. What is the remainder when 109 is divided by m?
31
Suppose -34*z - 992 = -50*z. Calculate the remainder when 740 is divided by z.
58
Suppose -6*l = 12 + 24. Let v = -97 + l. Let s = -102 - v. Calculate the remainder when 5 is divided by s.
0
Let j = -83 - -288. Let x = -138 + j. Calculate the remainder when x is divided by 19.
10
Suppose -4*v = -9 - 11. Suppose 2*q - v*q + 198 = 0. Calculate the remainder when (4/18 - 80/36) + q is divided by 17.
13
Suppose 0 = 204*k - 202*k - 818. Calculate the remainder when k is divided by 66.
13
Suppose 4*w - 40 = -0*w. Let b(o) = o**2 - 3*o - 17. What is the remainder when 582 is divided by b(w)?
52
Let c = 14613 - 14516. Let t = 21 + 5. What is the remainder when c is divided by t?
19
Suppose -3*r + 190 = 4*w, -5*w - r + 169 = -74. Let f = 260 + -234. What is the remainder when w is divided by f?
23
Suppose -53*f + 902 = -1430. Let c(n) = n**2 + 12*n - 49. Calculate the remainder when c(10) is divided by f.
39
Let w = -5399 - -5453. What is the remainder when 267 is divided by w?
51
Calculate the remainder when 12252/10 + (-304)/(-380) + -10 is divided by 87.
85
Suppose 14*s - 2*s = 2*s + 46180. Calculate the remainder when s is divided by 15.
13
Let h = 25328 + -25295. What is the remainder when 84 is divided by h?
18
Let s = 147 + -144. Suppose 2*y - t = -3*y - 37, -s*t = 9. Calculate the remainder when 48/((-18)/6)*y is divided by 27.
20
Let a be 5/10*-5*-16. Let j = a - 39. Calculate the remainder when 42 is divided by 12*j + 48/(-16).
6
Let j = -26 + 96. Suppose -10 = 4*k - j. What is the remainder when 42 is divided by k?
12
Let j(l) = 152*l + 1675. Calculate the remainder when 991 is divided by j(-11).
1
Suppose 18*u - 34 = 17*u. What is the remainder when 4/((-85)/(-83) + 7*16/(-112)) is divided by u?
30
Let p be ((-3)/2 - -1)/((-20)/(-2400)). Let o = -60 - p. Suppose o*m = -8*m + 80. What is the remainder when 37 is divided by m?
7
Let m(b) = 2*b**3 + 29*b**2 + 14*b + 25. Let g(d) = d**2 - 2 - 5*d**2 + 10*d**2 - 2 + 8*d. Calculate the remainder when g(4) is divided by m(-14).
24
Let l(k) = k**3 + 34*k**2 + 16*k - 11. Calculate the remainder when l(-33) is divided by 23.
21
Let m = -13446 - -13490. Let r(u) = u**2 - 5*u**2 - 9 - u**2 + u**3 + 6*u. What is the remainder when r(7) is divided by m?
43
Let j = -305 - -376. Suppose -2*k - 4*a + j = -73, 3*k + 3*a - 225 = 0. What is the remainder when k is divided by 17?
10
Calculate the remainder when ((-6)/4)/((-24)/112) is divided by (-8)/(-40) - 133/(-35).
3
Let q = -17619 - -17635. What is the remainder when 1034 is divided by q?
10
Suppose 0 = 5*y - 781 - 565 - 449. Calculate the remainder when y is divided by 33.
29
What is the remainder when 14739 is divided by (-19)/((-1482)/7033) - (-5)/6?
88
Let j(r) be the first derivative of r**3/3 - r - 8. Let m be j(-7). Suppose w - m = -c - w, c - 53 = -3*w. What is the remainder when c is divided by 14?
10
Suppose 2*l + 30768 = 2*t, 23*l + 46192 = 3*t + 28*l. Calculate the remainder when t is divided by 208.
205
Calculate the remainder when 1997 is divided by (12/(-66) - 3/22*-38) + 11.
13
Let d(m) = 102*m - 735. Suppose -3*l = -6*l + 102. Calculate the remainder when d(8) is divided by l.
13
Suppose 3*g = 2*r - 4*r + 151, -g = 2*r - 57. Suppose -5*m - 33 - g = 0. Let f = m + 97. Calculate the remainder when f is divided by 17.
13
Let z be ((-279)/4)/(-6*5/(-360)). Let m = -806 - z. What is the remainder when m is divided by 21?
10
Suppose 0 = -4*k - 67 + 527. Suppose 0*s = w - 3*s - k, 5*s = -2*w + 285. Calculate the remainder when w is divided by (-8)/3*117/(-26).
10
Suppose 2*s + 5*u = 1004, -5*u = -2*s + 294 + 690. Suppose 16*z - 23*z = -s. What is the remainder when 206 is divided by z?
64
Suppose -4*y = 5*a - 2475, -2*y - 13*a + 1227 = -14*a. Suppose 620*n = y*n + 110. Calculate the remainder when n is divided by 18.
4
Suppose -112 = -4*s + 72*x - 76*x, 2*s - 56 = x. Let d = -9 + 13. Suppose 0*j - 20 = -d*j. Calculate the remainder when s is divided by j.
3
Suppose 5*s - 17755 = 3*v, 3*s - 10652 = 84*v - 82*v. Calculate the remainder when s is divided by 27.
17
What is the remainder when 57 is divided by -34 - -54 - (2 - 2)?
17
Suppose 4*n = -d + 8607, -19*n + 14*n + 5*d = -10765. What is the remainder when n is divided by 154?
150
Suppose 2*s = 6*s - 5*g - 136, 170 = 5*s + 3*g. Calculate the remainder when 1046/6 - 0 - 2/6 is divided by s.
4
Let h(a) = a**2 + 13*a + 22. Let m be h(11). Let b = -47 + -157. Let l = m + b. Calculate the remainder when l is divided by 12.
10
Let l(g) = g**2 + 2*g - 10. Let j be l(-6). Suppose 11*z + 148 = j*z + 5*x, -2*z - x = -94. Calculate the remainder when z is divided by 12.
10
Suppose 3*o - 18 - 30 = 0. What is the remainder when 554 is divided by o?
10
Let y = -6559 + 10157. Calculate the remainder when y is divided by 36.
34
Let h(y) = -29*y + 36. Let r(a) = a**2 + 2*a. Let q be r(-4). Suppose q = -7*g - 41. What is the remainder when h(g) is divided by 24?
23
Suppose 907 = r - 85*o + 83*o, -15 = -5*o. Calculate the remainder when r is divided by 186.
169
Suppose -5*a + 4*a = 11. Let i(z) = -z - 6. Let v be i(a). Suppose -5*l - 2*r + 26 = -17, 5*r = v*l - 50. What is the remainder when 62 is divided by l?
8
Suppose -5*k + k + 24 = 0. What is the remainder when 442 is divided by k?
4
Suppose 5*o - 4*m = 20, 0 = -2*o + m - 4*m + 31. Let g(s) = -8*s + 32. Let f be g(o). Let y = -21 - f. What is the remainder when 52 is divided by y?
8
Let d = -1217 + 1221. Calculate the remainder when 93 is divided by d.
1
Let n(d) = d**2 - 4*d - 6. Let t be n(6). Suppose -5*y = -t*c + 2*c - 201, -4*y = -4*c - 164. What is the remainder when y is divided by 21?
16
Suppose -5*c - 2*h - 6 = 0, 0 = 4*h - 3*h - 2. Let v = 11 + c. Let o(x) = x + 5. Calculate the remainder when o(19) is divided by v.
6
Suppose -81 = -4*g - 341. Calculate the remainder when 44 is divided by (-819)/g - (-2 + (-39)/(-15)).
8
Let k = -3588 - -3737. What is the remainder when k is divided by 17?
13
Suppose -5*j + 4*x = -9 - 125, -118 = -4*j + 5*x. What is the remainder when 1334 is divided by j?
14
Let t be 18/(-15)*-5*1. Suppose -t*a - 66 = -12. Let n(d) = d**3 + 10*d**2 + 10*d + 10. Calculate the remainder when n(a) is divided by 1.
0
Let c(x) = x**3 + 26*x**2 + 18*x - 92. Calculate the remainder when 405 is divided by c(-25).
73
Suppose -3*z = 9 - 63. Let o(g) = -23 + g + 20 - z. Calculate the remainder when o(22) is divided by 1.
0
Suppose -17*j + 14046 + 1300 = -31693. Calculate the remainder when j is divided by 13.
11
Let a = 299 + -44. Suppose k - 5*p = 55, p + 4*p = 5*k - a. What is the remainder when 149 is divided by k?
49
Suppose -26 = -5*j + 4. Suppose 9*z - 9 = j*z. Suppose -7 - 1 = -t + z*b, -t - 2*b = -13. Calculate the remainder when 51 is divided by t.